{"id":12,"date":"2016-03-11T09:21:33","date_gmt":"2016-03-11T08:21:33","guid":{"rendered":"http:\/\/electricite-eure.com\/?page_id=12"},"modified":"2016-03-11T14:27:30","modified_gmt":"2016-03-11T13:27:30","slug":"actualites","status":"publish","type":"page","link":"https:\/\/electricite-eure.com\/index.php\/actualites\/","title":{"rendered":"ACTUALITES"},"content":{"rendered":"","protected":false},"excerpt":{"rendered":"","protected":false},"author":1,"featured_media":0,"parent":0,"menu_order":0,"comment_status":"closed","ping_status":"closed","template":"","meta":{"ngg_post_thumbnail":0,"footnotes":""},"yoast_head":"<!-- This site is optimized with the Yoast SEO plugin v22.2 - https:\/\/yoast.com\/wordpress\/plugins\/seo\/ -->\n<title>Rouen Seine Maritime Paris Mantes la Jolie Bernay 78 95 76 27 14 91 92 75<\/title>\n<meta name=\"description\" content=\"Soci\u00e9t\u00e9 en \u00e9lectricit\u00e9 g\u00e9n\u00e9rale bas\u00e9e en Normandie\" \/>\n<meta name=\"robots\" content=\"index, follow, max-snippet:-1, max-image-preview:large, max-video-preview:-1\" \/>\n<link rel=\"canonical\" href=\"https:\/\/electricite-eure.com\/index.php\/actualites\/\" \/>\n<meta property=\"og:locale\" content=\"fr_FR\" \/>\n<meta property=\"og:type\" content=\"article\" \/>\n<meta property=\"og:title\" content=\"Rouen Seine Maritime Paris Mantes la Jolie Bernay 78 95 76 27 14 91 92 75\" \/>\n<meta property=\"og:description\" content=\"Soci\u00e9t\u00e9 en \u00e9lectricit\u00e9 g\u00e9n\u00e9rale bas\u00e9e en Normandie\" \/>\n<meta property=\"og:url\" content=\"https:\/\/electricite-eure.com\/index.php\/actualites\/\" \/>\n<meta property=\"og:site_name\" content=\"J M L ELEC\" \/>\n<meta property=\"article:modified_time\" content=\"2016-03-11T13:27:30+00:00\" \/>\n<meta name=\"twitter:card\" content=\"summary_large_image\" \/>\n<script type=\"application\/ld+json\" class=\"yoast-schema-graph\">{\"@context\":\"https:\/\/schema.org\",\"@graph\":[{\"@type\":\"WebPage\",\"@id\":\"https:\/\/electricite-eure.com\/index.php\/actualites\/\",\"url\":\"https:\/\/electricite-eure.com\/index.php\/actualites\/\",\"name\":\"Rouen Seine Maritime Paris Mantes la Jolie Bernay 78 95 76 27 14 91 92 75\",\"isPartOf\":{\"@id\":\"https:\/\/electricite-eure.com\/#website\"},\"datePublished\":\"2016-03-11T08:21:33+00:00\",\"dateModified\":\"2016-03-11T13:27:30+00:00\",\"description\":\"Soci\u00e9t\u00e9 en \u00e9lectricit\u00e9 g\u00e9n\u00e9rale bas\u00e9e en Normandie\",\"breadcrumb\":{\"@id\":\"https:\/\/electricite-eure.com\/index.php\/actualites\/#breadcrumb\"},\"inLanguage\":\"fr-FR\",\"potentialAction\":[{\"@type\":\"ReadAction\",\"target\":[\"https:\/\/electricite-eure.com\/index.php\/actualites\/\"]}]},{\"@type\":\"BreadcrumbList\",\"@id\":\"https:\/\/electricite-eure.com\/index.php\/actualites\/#breadcrumb\",\"itemListElement\":[{\"@type\":\"ListItem\",\"position\":1,\"name\":\"Accueil\",\"item\":\"https:\/\/electricite-eure.com\/\"},{\"@type\":\"ListItem\",\"position\":2,\"name\":\"ACTUALITES\"}]},{\"@type\":\"WebSite\",\"@id\":\"https:\/\/electricite-eure.com\/#website\",\"url\":\"https:\/\/electricite-eure.com\/\",\"name\":\"J M L ELEC\",\"description\":\"NOS COMPETENCES A VOTRE SERVICE\",\"potentialAction\":[{\"@type\":\"SearchAction\",\"target\":{\"@type\":\"EntryPoint\",\"urlTemplate\":\"https:\/\/electricite-eure.com\/?s={search_term_string}\"},\"query-input\":\"required name=search_term_string\"}],\"inLanguage\":\"fr-FR\"}]}<\/script>\n<!-- \/ Yoast SEO plugin. -->","yoast_head_json":{"title":"Rouen Seine Maritime Paris Mantes la Jolie Bernay 78 95 76 27 14 91 92 75","description":"Soci\u00e9t\u00e9 en \u00e9lectricit\u00e9 g\u00e9n\u00e9rale bas\u00e9e en Normandie","robots":{"index":"index","follow":"follow","max-snippet":"max-snippet:-1","max-image-preview":"max-image-preview:large","max-video-preview":"max-video-preview:-1"},"canonical":"https:\/\/electricite-eure.com\/index.php\/actualites\/","og_locale":"fr_FR","og_type":"article","og_title":"Rouen Seine Maritime Paris Mantes la Jolie Bernay 78 95 76 27 14 91 92 75","og_description":"Soci\u00e9t\u00e9 en \u00e9lectricit\u00e9 g\u00e9n\u00e9rale bas\u00e9e en Normandie","og_url":"https:\/\/electricite-eure.com\/index.php\/actualites\/","og_site_name":"J M L ELEC","article_modified_time":"2016-03-11T13:27:30+00:00","twitter_card":"summary_large_image","schema":{"@context":"https:\/\/schema.org","@graph":[{"@type":"WebPage","@id":"https:\/\/electricite-eure.com\/index.php\/actualites\/","url":"https:\/\/electricite-eure.com\/index.php\/actualites\/","name":"Rouen Seine Maritime Paris Mantes la Jolie Bernay 78 95 76 27 14 91 92 75","isPartOf":{"@id":"https:\/\/electricite-eure.com\/#website"},"datePublished":"2016-03-11T08:21:33+00:00","dateModified":"2016-03-11T13:27:30+00:00","description":"Soci\u00e9t\u00e9 en \u00e9lectricit\u00e9 g\u00e9n\u00e9rale bas\u00e9e en Normandie","breadcrumb":{"@id":"https:\/\/electricite-eure.com\/index.php\/actualites\/#breadcrumb"},"inLanguage":"fr-FR","potentialAction":[{"@type":"ReadAction","target":["https:\/\/electricite-eure.com\/index.php\/actualites\/"]}]},{"@type":"BreadcrumbList","@id":"https:\/\/electricite-eure.com\/index.php\/actualites\/#breadcrumb","itemListElement":[{"@type":"ListItem","position":1,"name":"Accueil","item":"https:\/\/electricite-eure.com\/"},{"@type":"ListItem","position":2,"name":"ACTUALITES"}]},{"@type":"WebSite","@id":"https:\/\/electricite-eure.com\/#website","url":"https:\/\/electricite-eure.com\/","name":"J M L ELEC","description":"NOS COMPETENCES A VOTRE SERVICE","potentialAction":[{"@type":"SearchAction","target":{"@type":"EntryPoint","urlTemplate":"https:\/\/electricite-eure.com\/?s={search_term_string}"},"query-input":"required name=search_term_string"}],"inLanguage":"fr-FR"}]}},"_links":{"self":[{"href":"https:\/\/electricite-eure.com\/index.php\/wp-json\/wp\/v2\/pages\/12"}],"collection":[{"href":"https:\/\/electricite-eure.com\/index.php\/wp-json\/wp\/v2\/pages"}],"about":[{"href":"https:\/\/electricite-eure.com\/index.php\/wp-json\/wp\/v2\/types\/page"}],"author":[{"embeddable":true,"href":"https:\/\/electricite-eure.com\/index.php\/wp-json\/wp\/v2\/users\/1"}],"replies":[{"embeddable":true,"href":"https:\/\/electricite-eure.com\/index.php\/wp-json\/wp\/v2\/comments?post=12"}],"version-history":[{"count":1,"href":"https:\/\/electricite-eure.com\/index.php\/wp-json\/wp\/v2\/pages\/12\/revisions"}],"predecessor-version":[{"id":13,"href":"https:\/\/electricite-eure.com\/index.php\/wp-json\/wp\/v2\/pages\/12\/revisions\/13"}],"wp:attachment":[{"href":"https:\/\/electricite-eure.com\/index.php\/wp-json\/wp\/v2\/media?parent=12"}],"curies":[{"name":"wp","href":"https:\/\/api.w.org\/{rel}","templated":true}]}}